{"id":407,"date":"2024-09-09T14:21:03","date_gmt":"2024-09-09T14:21:03","guid":{"rendered":"https:\/\/menu.eleavouliagmeni.gr\/?page_id=407"},"modified":"2026-02-26T13:13:28","modified_gmt":"2026-02-26T13:13:28","slug":"menu-francais","status":"publish","type":"page","link":"https:\/\/paniniartistici.gr\/index.php\/fr\/menu-francais\/","title":{"rendered":"Menu-Francais"},"content":{"rendered":"\t\t<div data-elementor-type=\"wp-page\" data-elementor-id=\"407\" class=\"elementor elementor-407\" data-elementor-post-type=\"page\">\n\t\t\t\t<div class=\"elementor-element elementor-element-1482273 e-flex e-con-boxed e-con e-parent\" data-id=\"1482273\" data-element_type=\"container\">\n\t\t\t\t\t<div class=\"e-con-inner\">\n\t\t\t\t\t<\/div>\n\t\t\t\t<\/div>\n\t\t<div class=\"elementor-element elementor-element-21fc09d e-flex e-con-boxed e-con e-parent\" data-id=\"21fc09d\" data-element_type=\"container\">\n\t\t\t\t\t<div class=\"e-con-inner\">\n\t\t\t\t<div class=\"elementor-element elementor-element-e38d97c elementor-widget elementor-widget-text-editor\" data-id=\"e38d97c\" data-element_type=\"widget\" data-widget_type=\"text-editor.default\">\n\t\t\t\t<div class=\"elementor-widget-container\">\n\t\t\t\t\t\t\t\t\t<p><strong>PANINI \/ FOCACCIA<\/strong><\/p>\n<p><strong>BURRATA VEGETARIAN<\/strong> \u2013 8,00\u20ac<br>Burrata fra\u00eeche, pesto de basilic, tomate et m\u00e9lange de jeunes pousses.<\/p>\n<p><strong>DI SANTO<\/strong> \u2013 8,00\u20ac<br>Mortadelle aux pistaches, Parmigiano Reggiano, pesto de basilic, stracciatella et m\u00e2che.<\/p>\n<p><strong>PARMA<\/strong> \u2013 8,00\u20ac<br>Prosciutto di Parma, mozzarella fior di latte, stracciatella, tomates cerises et roquette.<\/p>\n<p><strong>PASTRAMI<\/strong> \u2013 7,50\u20ac<br>Pastrami de b\u0153uf, sauce tartare, pecorino sarde affin\u00e9 au poivre et laitue iceberg.<\/p>\n<p><strong>TARTUFO<\/strong> \u2013 9,00\u20ac<br>Salami Milano, mayonnaise \u00e0 la truffe, pecorino \u00e0 la truffe et oignons caram\u00e9lis\u00e9s.<\/p>\n<p><strong>SCRAMBLED EGGS<\/strong> \u2013 7,50\u20ac<br>Dinde isra\u00e9lienne, fromage fontina, roquette, mayonnaise aux herbes et tomate.<\/p>\n<p><strong>POLO<\/strong> \u2013 6,50\u20ac<br>Poulet pan\u00e9, sauce a\u00efoli, Parmigiano Reggiano et roquette.<\/p>\n<p><strong>PORCHETTA<\/strong> \u2013 9,00\u20ac<br>Porchetta, fromage provola, oignons croustillants, coleslaw et moutarde de Dijon.<\/p>\n<p><strong>SMYRNI<\/strong> \u2013 8,00\u20ac<br>Soutzouki, yaourt \u00e0 la menthe, fromage kasseri, tomates cerises semi-s\u00e9ch\u00e9es et oignons marin\u00e9s.<\/p>\n<p><strong>SALMON<\/strong> \u2013 9,00\u20ac<br>Saumon fum\u00e9, cr\u00e8me aigre, concombre, roquette, citron confit, aneth et fromage brie.<\/p>\n<p><strong>MELANZANE VEGETARIAN<\/strong> \u2013 7,00\u20ac<br>Cr\u00e8me d\u2019aubergine fum\u00e9e, fromage de ch\u00e8vre, chutney de tomate et aubergine grill\u00e9e.<\/p>\n<p><strong>TUNA<\/strong> \u2013 9,00\u20ac<br>Huile d\u2019olive, roquette, oignon frais, concombre, aneth, thon et cr\u00e8me aigre.<\/p>\n<p><strong>VEGGIE VEGAN<\/strong> \u2013 6,00\u20ac<br>Poivron grill\u00e9, courgette, ma\u00efs r\u00f4ti et houmous.<\/p>\n<p><strong>GREKA<\/strong> \u2013 6,50\u20ac<br>Mousse de feta, olives, tomate, origan et c\u00e2pres.<\/p>\n<p><strong>BOUGATSA<\/strong> \u2013 4,80\u20ac<br>Cr\u00e8me bougatsa, sucre glace et cannelle.<\/p>\n<p><strong>PINSA<\/strong><\/p>\n<p><strong>MARGHERITA VEGETARIAN<\/strong> \u2013 6,50\u20ac<br>Tomates San Marzano, Parmigiano Reggiano, mozzarella fior di latte, tomates cerises et basilic.<\/p>\n<p><strong>GRECA VEGETARIAN<\/strong> \u2013 6,00\u20ac<br>Tomates San Marzano, feta, poivrons, champignons, mozzarella et olives.<\/p>\n<p><strong>PARMA<\/strong> \u2013 8,00\u20ac<br>Prosciutto di Parma, mozzarella fior di latte, parmesan, roquette et tomates San Marzano.<\/p>\n<p><strong>DI SANTO<\/strong> \u2013 8,00\u20ac<br>Mortadelle, Parmigiano Reggiano, pesto de basilic, stracciatella, mozzarella et m\u00e2che.<\/p>\n<p><strong>POLO<\/strong> \u2013 8,00\u20ac<br>Poulet pan\u00e9, sauce a\u00efoli, Parmigiano Reggiano, mozzarella et roquette.<\/p>\n<p><strong>TIRAMISU<\/strong><\/p>\n<p><strong>CLASSIC<\/strong><br>Individuel 5,00\u20ac | Familial 25,00\u20ac<br>Tiramisu italien authentique dans sa version la plus raffin\u00e9e : cr\u00e8me mascarpone l\u00e9g\u00e8re et aromatique et biscuits savoiardi imbib\u00e9s d\u2019espresso fra\u00eechement pr\u00e9par\u00e9. Simple, intemporel et irr\u00e9sistible.<\/p>\n<p><strong>PISTACHIO<\/strong><br>Individuel 6,00\u20ac | Familial 27,00\u20ac<br>Une version luxueuse avec une cr\u00e8me tiramisu onctueuse associ\u00e9e \u00e0 un pralin\u00e9 de pistache riche. Biscuits l\u00e9g\u00e8rement imbib\u00e9s et pistaches caram\u00e9lis\u00e9es pour une saveur \u00e9quilibr\u00e9e et intense.<\/p>\n<p><strong>CHOCOLATE<\/strong><br>Individuel 5,00\u20ac | Familial 25,00\u20ac<br>Cr\u00e9meux, chocolat\u00e9 et r\u00e9confortant : cr\u00e8me tiramisu avec sauce au chocolat au lait, \u00e9clats croquants de chocolat et pralin\u00e9 de noisette.<\/p>\n<p><strong>BISCOTTI LOTUS<\/strong><br>Individuel 6,00\u20ac | Familial 27,00\u20ac<br>Tiramisu velout\u00e9 au go\u00fbt caract\u00e9ristique caram\u00e9lis\u00e9 des biscuits Lotus. Couches de cr\u00e8me Lotus et biscuits l\u00e9g\u00e8rement imbib\u00e9s de caf\u00e9, sublim\u00e9es par des \u00e9clats croustillants.<\/p>\n<p><strong>BEVERAGES &amp; COFFEE<\/strong><\/p>\n<p>Cappuccino Double \u2013 2.80\u20ac<br>Cappuccino Double D\u00e9caf\u00e9in\u00e9 \u2013 2.80\u20ac<br>Cappuccino Simple \u2013 2.30\u20ac<br>Americano Double \u2013 2.50\u20ac<br>Americano Double D\u00e9caf\u00e9in\u00e9 \u2013 2.50\u20ac<br>Americano Simple \u2013 2.00\u20ac<br>Americano Simple D\u00e9caf\u00e9in\u00e9 \u2013 2.00\u20ac<br>Cortado \u2013 2.30\u20ac<br>Cortado D\u00e9caf\u00e9in\u00e9 \u2013 2.30\u20ac<br>Espresso Double \u2013 2.50\u20ac<br>Espresso Double D\u00e9caf\u00e9in\u00e9 \u2013 2.50\u20ac<br>Espresso Simple \u2013 2.00\u20ac<br>Espresso Simple D\u00e9caf\u00e9in\u00e9 \u2013 2.00\u20ac<br>Flat White \u2013 2.80\u20ac<br>Flat White D\u00e9caf\u00e9in\u00e9 \u2013 2.80\u20ac<br>Frappe \u2013 2.50\u20ac<br>Frappe D\u00e9caf\u00e9in\u00e9 \u2013 2.50\u20ac<br>Freddo Cappuccino \u2013 2.80\u20ac<br>Freddo Cappuccino D\u00e9caf\u00e9in\u00e9 \u2013 2.80\u20ac<br>Freddo Espresso \u2013 2.20\u20ac<br>Freddo Espresso D\u00e9caf\u00e9in\u00e9 \u2013 2.20\u20ac<br>Latte Chaud \u2013 2.50\u20ac<br>Latte Chaud D\u00e9caf\u00e9in\u00e9 \u2013 2.50\u20ac<br>Latte Froid \u2013 2.50\u20ac<br>Latte Froid D\u00e9caf\u00e9in\u00e9 \u2013 2.50\u20ac<br>Nescaf\u00e9 \u2013 2.50\u20ac<br>Nescaf\u00e9 D\u00e9caf\u00e9in\u00e9 \u2013 2.50\u20ac<br>Caf\u00e9 Grec Double \u2013 2.50\u20ac<br>Caf\u00e9 Grec Simple \u2013 2.00\u20ac<br>Chocolat Chaud \u2013 3.00\u20ac<br>Chocolat Froid \u2013 3.00\u20ac<br>Three Cents Pink Grapefruit 200ML \u2013 3.00\u20ac<br>Three Cents Tonic Water 200ML \u2013 3.00\u20ac<br>Coca-Cola 330ml \u2013 2.50\u20ac<br>Coca-Cola Zero 330ml \u2013 2.50\u20ac<br>Schweppes Soda 330ml \u2013 2.50\u20ac<br>Limonade 330ml \u2013 2.50\u20ac<br>Soda \u00e0 l\u2019Orange 330ml \u2013 2.50\u20ac<br>Eau 500ML \u2013 0.50\u20ac<br>Eau Gazeuse 250ML \u2013 2.50\u20ac<br>Bi\u00e8re Carlsberg 330ML \u2013 3.00\u20ac<br>Bi\u00e8re Peroni 330ML \u2013 3.50\u20ac<\/p>\n<p><\/p>\t\t\t\t\t\t\t\t<\/div>\n\t\t\t\t<\/div>\n\t\t\t\t\t<\/div>\n\t\t\t\t<\/div>\n\t\t\t\t<\/div>\n\t\t","protected":false},"excerpt":{"rendered":"<p>PANINI \/ FOCACCIA BURRATA VEGETARIAN \u2013 8,00\u20acBurrata fra\u00eeche, pesto de basilic, tomate et m\u00e9lange de jeunes pousses. DI SANTO \u2013 8,00\u20acMortadelle aux pistaches, Parmigiano Reggiano, pesto de basilic, stracciatella et m\u00e2che. PARMA \u2013 8,00\u20acProsciutto di Parma, mozzarella fior di latte, stracciatella, tomates cerises et roquette. PASTRAMI \u2013 7,50\u20acPastrami de b\u0153uf, sauce tartare, pecorino sarde affin\u00e9 [&hellip;]<\/p>\n","protected":false},"author":1,"featured_media":0,"parent":0,"menu_order":0,"comment_status":"closed","ping_status":"closed","template":"","meta":{"footnotes":""},"class_list":["post-407","page","type-page","status-publish","hentry"],"_links":{"self":[{"href":"https:\/\/paniniartistici.gr\/index.php\/wp-json\/wp\/v2\/pages\/407","targetHints":{"allow":["GET"]}}],"collection":[{"href":"https:\/\/paniniartistici.gr\/index.php\/wp-json\/wp\/v2\/pages"}],"about":[{"href":"https:\/\/paniniartistici.gr\/index.php\/wp-json\/wp\/v2\/types\/page"}],"author":[{"embeddable":true,"href":"https:\/\/paniniartistici.gr\/index.php\/wp-json\/wp\/v2\/users\/1"}],"replies":[{"embeddable":true,"href":"https:\/\/paniniartistici.gr\/index.php\/wp-json\/wp\/v2\/comments?post=407"}],"version-history":[{"count":28,"href":"https:\/\/paniniartistici.gr\/index.php\/wp-json\/wp\/v2\/pages\/407\/revisions"}],"predecessor-version":[{"id":844,"href":"https:\/\/paniniartistici.gr\/index.php\/wp-json\/wp\/v2\/pages\/407\/revisions\/844"}],"wp:attachment":[{"href":"https:\/\/paniniartistici.gr\/index.php\/wp-json\/wp\/v2\/media?parent=407"}],"curies":[{"name":"wp","href":"https:\/\/api.w.org\/{rel}","templated":true}]}}