{"id":672,"date":"2025-03-20T12:54:25","date_gmt":"2025-03-20T12:54:25","guid":{"rendered":"https:\/\/paniniartistici.gr\/?page_id=672"},"modified":"2026-02-26T13:17:54","modified_gmt":"2026-02-26T13:17:54","slug":"turkisk","status":"publish","type":"page","link":"https:\/\/paniniartistici.gr\/index.php\/turkisk\/","title":{"rendered":"TURKISK"},"content":{"rendered":"\t\t<div data-elementor-type=\"wp-page\" data-elementor-id=\"672\" class=\"elementor elementor-672\" data-elementor-post-type=\"page\">\n\t\t\t\t<div class=\"elementor-element elementor-element-f6519b5 e-flex e-con-boxed e-con e-parent\" data-id=\"f6519b5\" data-element_type=\"container\">\n\t\t\t\t\t<div class=\"e-con-inner\">\n\t\t\t\t<div class=\"elementor-element elementor-element-f6a1e39 elementor-widget elementor-widget-text-editor\" data-id=\"f6a1e39\" data-element_type=\"widget\" data-widget_type=\"text-editor.default\">\n\t\t\t\t<div class=\"elementor-widget-container\">\n\t\t\t\t\t\t\t\t\t<p><strong>PANINI \/ FOCACCIA<\/strong><\/p>\n<p><strong>BURRATA VEGETARIAN<\/strong> \u2013 8,00\u20ac<br>Taze burrata, fesle\u011fen pestosu, domates ve kar\u0131\u015f\u0131k ye\u015fillikler.<\/p>\n<p><strong>DI SANTO<\/strong> \u2013 8,00\u20ac<br>Antep f\u0131st\u0131kl\u0131 mortadella, Parmigiano Reggiano, fesle\u011fen pestosu, stracciatella ve kuzu kula\u011f\u0131 salatas\u0131.<\/p>\n<p><strong>PARMA<\/strong> \u2013 8,00\u20ac<br>Prosciutto di Parma, mozzarella fior di latte, stracciatella, cherry domates ve roka.<\/p>\n<p><strong>PASTRAMI<\/strong> \u2013 7,50\u20ac<br>Dana past\u0131rma (pastrami), tartar sos, karabiberli olgunla\u015ft\u0131r\u0131lm\u0131\u015f Sardunya pecorino peyniri ve iceberg marul.<\/p>\n<p><strong>TARTUFO<\/strong> \u2013 9,00\u20ac<br>Milano salam\u0131, tr\u00fcfl\u00fc mayonez, tr\u00fcfl\u00fc pecorino ve karamelize so\u011fan.<\/p>\n<p><strong>SCRAMBLED EGGS<\/strong> \u2013 7,50\u20ac<br>\u0130srail hindi eti, fontina peyniri, roka, otlu mayonez ve domates.<\/p>\n<p><strong>POLO<\/strong> \u2013 6,50\u20ac<br>Pane kapl\u0131 tavuk, aioli sos, Parmigiano Reggiano ve roka.<\/p>\n<p><strong>PORCHETTA<\/strong> \u2013 9,00\u20ac<br>Porchetta, provola peyniri, \u00e7\u0131t\u0131r so\u011fan, coleslaw salatas\u0131 ve Dijon hardal\u0131.<\/p>\n<p><strong>SMYRNI<\/strong> \u2013 8,00\u20ac<br>Soutzouki sucuk, naneli yo\u011furt, kasseri peyniri, yar\u0131 kurutulmu\u015f cherry domates ve tur\u015fu so\u011fan.<\/p>\n<p><strong>SALMON<\/strong> \u2013 9,00\u20ac<br>F\u00fcme somon, ek\u015fi krema, salatal\u0131k, roka, konfi limon, dereotu ve brie peyniri.<\/p>\n<p><strong>MELANZANE VEGETARIAN<\/strong> \u2013 7,00\u20ac<br>\u0130sli patl\u0131can kremas\u0131, ke\u00e7i peyniri, domates chutney ve \u0131zgara patl\u0131can.<\/p>\n<p><strong>TUNA<\/strong> \u2013 9,00\u20ac<br>Zeytinya\u011f\u0131, roka, taze so\u011fan, salatal\u0131k, dereotu, ton bal\u0131\u011f\u0131 ve ek\u015fi krema.<\/p>\n<p><strong>VEGGIE VEGAN<\/strong> \u2013 6,00\u20ac<br>Izgara biber, kabak, k\u00f6zlenmi\u015f m\u0131s\u0131r ve humus.<\/p>\n<p><strong>GREKA<\/strong> \u2013 6,50\u20ac<br>Feta mousse, zeytin, domates, kekik ve kapari.<\/p>\n<p><strong>BOUGATSA<\/strong> \u2013 4,80\u20ac<br>Bougatsa kremas\u0131, pudra \u015fekeri ve tar\u00e7\u0131n.<\/p>\n<p><strong>PINSA<\/strong><\/p>\n<p><strong>MARGHERITA VEGETARIAN<\/strong> \u2013 6,50\u20ac<br>San Marzano domates, Parmigiano Reggiano, mozzarella fior di latte, cherry domates ve fesle\u011fen.<\/p>\n<p><strong>GRECA VEGETARIAN<\/strong> \u2013 6,00\u20ac<br>San Marzano domates, feta, biber, mantar, mozzarella ve zeytin.<\/p>\n<p><strong>PARMA<\/strong> \u2013 8,00\u20ac<br>Prosciutto di Parma, mozzarella fior di latte, parmesan, roka ve San Marzano domates.<\/p>\n<p><strong>DI SANTO<\/strong> \u2013 8,00\u20ac<br>Mortadella, Parmigiano Reggiano, fesle\u011fen pestosu, stracciatella, mozzarella ve kuzu kula\u011f\u0131.<\/p>\n<p><strong>POLO<\/strong> \u2013 8,00\u20ac<br>Pane kapl\u0131 tavuk, aioli sos, Parmigiano Reggiano, mozzarella ve roka.<\/p>\n<p><strong>TIRAMISU<\/strong><\/p>\n<p><strong>CLASSIC<\/strong><br>Tek Ki\u015filik 5,00\u20ac | Aile Boy 25,00\u20ac<br>En zarif haliyle otantik \u0130talyan tiramisu: hafif ve aromatik mascarpone kremas\u0131 ve taze haz\u0131rlanm\u0131\u015f espressoya bat\u0131r\u0131lm\u0131\u015f savoiardi bisk\u00fcvileri. Sade, zamans\u0131z ve kar\u015f\u0131 konulamaz.<\/p>\n<p><strong>PISTACHIO<\/strong><br>Tek Ki\u015filik 6,00\u20ac | Aile Boy 27,00\u20ac<br>Kadifemsi tiramisu kremas\u0131 ve zengin Antep f\u0131st\u0131\u011f\u0131 pralineli l\u00fcks bir versiyon. Hafif\u00e7e \u0131slat\u0131lm\u0131\u015f bisk\u00fcviler ve karamelize f\u0131st\u0131k ile dengeli ve yo\u011fun bir lezzet.<\/p>\n<p><strong>CHOCOLATE<\/strong><br>Tek Ki\u015filik 5,00\u20ac | Aile Boy 25,00\u20ac<br>Kremams\u0131, \u00e7ikolatal\u0131 ve tam bir konfor lezzeti: tiramisu kremas\u0131, s\u00fctl\u00fc \u00e7ikolata sosu, \u00e7\u0131t\u0131r \u00e7ikolata par\u00e7alar\u0131 ve f\u0131nd\u0131k pralin.<\/p>\n<p><strong>&nbsp;<\/strong><\/p>\n<p><strong>BISCOTTI<\/strong><strong> LOTUS<\/strong><br>Tek Ki\u015filik 6,00\u20ac | Aile Boy 27,00\u20ac<br>Lotus bisk\u00fcvilerinin karakteristik karamel tad\u0131yla kadifemsi tiramisu. Kat kat Lotus kremas\u0131 ve kahveye hafif\u00e7e bat\u0131r\u0131lm\u0131\u015f bisk\u00fcviler, \u00e7\u0131t\u0131r par\u00e7alarla tamamlan\u0131r.<\/p>\n<p><strong>BEVERAGES &amp; COFFEE<\/strong><\/p>\n<p>\u00c7ift Cappuccino \u2013 2.80\u20ac<br>\u00c7ift Cappuccino Kafeinsiz \u2013 2.80\u20ac<br>Tek Cappuccino \u2013 2.30\u20ac<br>\u00c7ift Americano \u2013 2.50\u20ac<br>\u00c7ift Americano Kafeinsiz \u2013 2.50\u20ac<br>Tek Americano \u2013 2.00\u20ac<br>Tek Americano Kafeinsiz \u2013 2.00\u20ac<br>Cortado \u2013 2.30\u20ac<br>Cortado Kafeinsiz \u2013 2.30\u20ac<br>\u00c7ift Espresso \u2013 2.50\u20ac<br>\u00c7ift Espresso Kafeinsiz \u2013 2.50\u20ac<br>Tek Espresso \u2013 2.00\u20ac<br>Tek Espresso Kafeinsiz \u2013 2.00\u20ac<br>Flat White \u2013 2.80\u20ac<br>Flat White Kafeinsiz \u2013 2.80\u20ac<br>Frappe \u2013 2.50\u20ac<br>Frappe Kafeinsiz \u2013 2.50\u20ac<br>Freddo Cappuccino \u2013 2.80\u20ac<br>Freddo Cappuccino Kafeinsiz \u2013 2.80\u20ac<br>Freddo Espresso \u2013 2.20\u20ac<br>Freddo Espresso Kafeinsiz \u2013 2.20\u20ac<br>S\u0131cak Latte \u2013 2.50\u20ac<br>S\u0131cak Latte Kafeinsiz \u2013 2.50\u20ac<br>So\u011fuk Latte \u2013 2.50\u20ac<br>So\u011fuk Latte Kafeinsiz \u2013 2.50\u20ac<br>Nescaf\u00e9 \u2013 2.50\u20ac<br>Nescaf\u00e9 Kafeinsiz \u2013 2.50\u20ac<br>\u00c7ift Yunan Kahvesi \u2013 2.50\u20ac<br>Tek Yunan Kahvesi \u2013 2.00\u20ac<br>S\u0131cak \u00c7ikolata \u2013 3.00\u20ac<br>So\u011fuk \u00c7ikolata \u2013 3.00\u20ac<br>Three Cents Pink Grapefruit 200ML \u2013 3.00\u20ac<br>Three Cents Tonic Water 200ML \u2013 3.00\u20ac<br>Coca-Cola 330ml \u2013 2.50\u20ac<br>Coca-Cola Zero 330ml \u2013 2.50\u20ac<br>Schweppes Soda 330ml \u2013 2.50\u20ac<br>Limonata 330ml \u2013 2.50\u20ac<br>Portakal Gazozu 330ml \u2013 2.50\u20ac<br>Su 500ML \u2013 0.50\u20ac<br>Maden Suyu 250ML \u2013 2.50\u20ac<br>Carlsberg Bira 330ML \u2013 3.00\u20ac<br>Peroni Bira 330ML \u2013 3.50\u20ac<\/p>\n<p><\/p>\t\t\t\t\t\t\t\t<\/div>\n\t\t\t\t<\/div>\n\t\t\t\t\t<\/div>\n\t\t\t\t<\/div>\n\t\t\t\t<\/div>\n\t\t","protected":false},"excerpt":{"rendered":"<p>PANINI \/ FOCACCIA BURRATA VEGETARIAN \u2013 8,00\u20acTaze burrata, fesle\u011fen pestosu, domates ve kar\u0131\u015f\u0131k ye\u015fillikler. DI SANTO \u2013 8,00\u20acAntep f\u0131st\u0131kl\u0131 mortadella, Parmigiano Reggiano, fesle\u011fen pestosu, stracciatella ve kuzu kula\u011f\u0131 salatas\u0131. PARMA \u2013 8,00\u20acProsciutto di Parma, mozzarella fior di latte, stracciatella, cherry domates ve roka. PASTRAMI \u2013 7,50\u20acDana past\u0131rma (pastrami), tartar sos, karabiberli olgunla\u015ft\u0131r\u0131lm\u0131\u015f Sardunya pecorino peyniri [&hellip;]<\/p>\n","protected":false},"author":2,"featured_media":0,"parent":0,"menu_order":0,"comment_status":"closed","ping_status":"closed","template":"","meta":{"footnotes":""},"class_list":["post-672","page","type-page","status-publish","hentry"],"_links":{"self":[{"href":"https:\/\/paniniartistici.gr\/index.php\/wp-json\/wp\/v2\/pages\/672","targetHints":{"allow":["GET"]}}],"collection":[{"href":"https:\/\/paniniartistici.gr\/index.php\/wp-json\/wp\/v2\/pages"}],"about":[{"href":"https:\/\/paniniartistici.gr\/index.php\/wp-json\/wp\/v2\/types\/page"}],"author":[{"embeddable":true,"href":"https:\/\/paniniartistici.gr\/index.php\/wp-json\/wp\/v2\/users\/2"}],"replies":[{"embeddable":true,"href":"https:\/\/paniniartistici.gr\/index.php\/wp-json\/wp\/v2\/comments?post=672"}],"version-history":[{"count":16,"href":"https:\/\/paniniartistici.gr\/index.php\/wp-json\/wp\/v2\/pages\/672\/revisions"}],"predecessor-version":[{"id":862,"href":"https:\/\/paniniartistici.gr\/index.php\/wp-json\/wp\/v2\/pages\/672\/revisions\/862"}],"wp:attachment":[{"href":"https:\/\/paniniartistici.gr\/index.php\/wp-json\/wp\/v2\/media?parent=672"}],"curies":[{"name":"wp","href":"https:\/\/api.w.org\/{rel}","templated":true}]}}